{"id":545,"date":"2024-10-02T16:45:58","date_gmt":"2024-10-02T14:45:58","guid":{"rendered":"https:\/\/www.docteur-roliste.fr\/?page_id=545"},"modified":"2026-03-28T09:55:55","modified_gmt":"2026-03-28T08:55:55","slug":"nsa-nightmares-and-scares-agency","status":"publish","type":"page","link":"https:\/\/www.docteur-roliste.fr\/index.php\/nsa-nightmares-and-scares-agency\/","title":{"rendered":"Mon jeu de r\u00f4le"},"content":{"rendered":"\n<p class=\"has-text-align-center\">NSA : Nigtmares and Scares Agency<\/p>\n\n\n\n<p><\/p>\n\n\n\n<p><\/p>\n\n\n\n<p>En plus de mon activit\u00e9 de Ma\u00eetre du Jeu professionnel, je suis \u00e9galement auteur de jeu de r\u00f4le, vous pouvez retrouver ici un actualplay de mon jeu NSA : Nigtmares and Scares Agency o\u00f9 mes joueurs jouent des cr\u00e9atures de cauchemars qui enqu\u00eatent sur la peur d&rsquo;un r\u00eaveur en live de la Japan Expo 2024<\/p>\n\n\n\n<p>Attention, ce jeu n&rsquo;est pas \u00e0 mettre dans toutes les oreilles, il est interdit au moins de 16 ans.<\/p>\n\n\n\n<figure class=\"wp-block-embed is-type-video is-provider-youtube wp-block-embed-youtube wp-embed-aspect-16-9 wp-has-aspect-ratio\"><div class=\"wp-block-embed__wrapper\">\n<iframe loading=\"lazy\" title=\"Actual Play : NSA\" width=\"640\" height=\"360\" src=\"https:\/\/www.youtube.com\/embed\/1-qfroP1Xlw?feature=oembed\" frameborder=\"0\" allow=\"accelerometer; autoplay; clipboard-write; encrypted-media; gyroscope; picture-in-picture; web-share\" referrerpolicy=\"strict-origin-when-cross-origin\" allowfullscreen><\/iframe>\n<\/div><\/figure>\n","protected":false},"excerpt":{"rendered":"<p>NSA : Nigtmares and Scares Agency En plus de mon activit\u00e9 de Ma\u00eetre du Jeu professionnel, je suis \u00e9galement auteur de jeu de r\u00f4le, vous pouvez retrouver ici un actualplay de mon jeu NSA : Nigtmares and Scares Agency o\u00f9 mes joueurs jouent des cr\u00e9atures de cauchemars qui enqu\u00eatent sur la peur d&rsquo;un r\u00eaveur en &hellip; <\/p>\n<p class=\"link-more\"><a href=\"https:\/\/www.docteur-roliste.fr\/index.php\/nsa-nightmares-and-scares-agency\/\" class=\"more-link\">Continue reading<span class=\"screen-reader-text\"> \u00ab\u00a0Mon jeu de r\u00f4le\u00a0\u00bb<\/span><\/a><\/p>\n","protected":false},"author":1,"featured_media":0,"parent":0,"menu_order":0,"comment_status":"closed","ping_status":"closed","template":"","meta":{"footnotes":""},"class_list":["post-545","page","type-page","status-publish","hentry"],"_links":{"self":[{"href":"https:\/\/www.docteur-roliste.fr\/index.php\/wp-json\/wp\/v2\/pages\/545","targetHints":{"allow":["GET"]}}],"collection":[{"href":"https:\/\/www.docteur-roliste.fr\/index.php\/wp-json\/wp\/v2\/pages"}],"about":[{"href":"https:\/\/www.docteur-roliste.fr\/index.php\/wp-json\/wp\/v2\/types\/page"}],"author":[{"embeddable":true,"href":"https:\/\/www.docteur-roliste.fr\/index.php\/wp-json\/wp\/v2\/users\/1"}],"replies":[{"embeddable":true,"href":"https:\/\/www.docteur-roliste.fr\/index.php\/wp-json\/wp\/v2\/comments?post=545"}],"version-history":[{"count":11,"href":"https:\/\/www.docteur-roliste.fr\/index.php\/wp-json\/wp\/v2\/pages\/545\/revisions"}],"predecessor-version":[{"id":716,"href":"https:\/\/www.docteur-roliste.fr\/index.php\/wp-json\/wp\/v2\/pages\/545\/revisions\/716"}],"wp:attachment":[{"href":"https:\/\/www.docteur-roliste.fr\/index.php\/wp-json\/wp\/v2\/media?parent=545"}],"curies":[{"name":"wp","href":"https:\/\/api.w.org\/{rel}","templated":true}]}}