{"id":362,"date":"2024-04-15T12:21:12","date_gmt":"2024-04-15T10:21:12","guid":{"rendered":"https:\/\/www.docteur-roliste.fr\/?page_id=362"},"modified":"2025-01-22T11:50:08","modified_gmt":"2025-01-22T10:50:08","slug":"my-little-poney-tails-of-equestria","status":"publish","type":"page","link":"https:\/\/www.docteur-roliste.fr\/index.php\/my-little-poney-tails-of-equestria\/","title":{"rendered":"My Little Poney : Tails of Equestria"},"content":{"rendered":"\n<figure class=\"wp-block-image size-large is-resized\"><img loading=\"lazy\" decoding=\"async\" width=\"1024\" height=\"1024\" src=\"https:\/\/www.docteur-roliste.fr\/wp-content\/uploads\/2024\/04\/pour-tous-publics-logo-black-and-white-1024x1024.png\" alt=\"\" class=\"wp-image-378\" style=\"width:100px;height:auto\" srcset=\"https:\/\/www.docteur-roliste.fr\/wp-content\/uploads\/2024\/04\/pour-tous-publics-logo-black-and-white-1024x1024.png 1024w, https:\/\/www.docteur-roliste.fr\/wp-content\/uploads\/2024\/04\/pour-tous-publics-logo-black-and-white-300x300.png 300w, https:\/\/www.docteur-roliste.fr\/wp-content\/uploads\/2024\/04\/pour-tous-publics-logo-black-and-white-150x150.png 150w, https:\/\/www.docteur-roliste.fr\/wp-content\/uploads\/2024\/04\/pour-tous-publics-logo-black-and-white-768x768.png 768w, https:\/\/www.docteur-roliste.fr\/wp-content\/uploads\/2024\/04\/pour-tous-publics-logo-black-and-white-1536x1536.png 1536w, https:\/\/www.docteur-roliste.fr\/wp-content\/uploads\/2024\/04\/pour-tous-publics-logo-black-and-white-2048x2048.png 2048w, https:\/\/www.docteur-roliste.fr\/wp-content\/uploads\/2024\/04\/pour-tous-publics-logo-black-and-white-640x640.png 640w, https:\/\/www.docteur-roliste.fr\/wp-content\/uploads\/2024\/04\/pour-tous-publics-logo-black-and-white-50x50.png 50w\" sizes=\"auto, (max-width: 1024px) 100vw, 1024px\" \/><\/figure>\n\n\n\n<p>Pour les enfants mais aussi pour les adultes, le Docteur R\u00f4liste vous propose : My Little Poney : Tails of Equestria.<\/p>\n\n\n\n<p><\/p>\n\n\n\n<p><br>Inspir\u00e9 par la s\u00e9rie My Little Poney : Friendship is Magic, incarnez un poney, une licorne ou un p\u00e9gase dans le monde merveilleux d&rsquo;Equestria et triomphez de tous les obstacles gr\u00e2ce au pouvoir de l&rsquo;amiti\u00e9 !<\/p>\n\n\n\n<figure class=\"wp-block-gallery has-nested-images columns-default is-cropped wp-block-gallery-1 is-layout-flex wp-block-gallery-is-layout-flex\">\n<figure class=\"wp-block-image size-large\"><img loading=\"lazy\" decoding=\"async\" width=\"1024\" height=\"849\" data-id=\"583\" src=\"https:\/\/www.docteur-roliste.fr\/wp-content\/uploads\/2025\/01\/IMG_4788-1024x849.jpg\" alt=\"\" class=\"wp-image-583\" srcset=\"https:\/\/www.docteur-roliste.fr\/wp-content\/uploads\/2025\/01\/IMG_4788-1024x849.jpg 1024w, https:\/\/www.docteur-roliste.fr\/wp-content\/uploads\/2025\/01\/IMG_4788-300x249.jpg 300w, https:\/\/www.docteur-roliste.fr\/wp-content\/uploads\/2025\/01\/IMG_4788-768x637.jpg 768w, https:\/\/www.docteur-roliste.fr\/wp-content\/uploads\/2025\/01\/IMG_4788-1536x1274.jpg 1536w, https:\/\/www.docteur-roliste.fr\/wp-content\/uploads\/2025\/01\/IMG_4788-2048x1699.jpg 2048w\" sizes=\"auto, (max-width: 1024px) 100vw, 1024px\" \/><\/figure>\n<\/figure>\n","protected":false},"excerpt":{"rendered":"<p>Pour les enfants mais aussi pour les adultes, le Docteur R\u00f4liste vous propose : My Little Poney : Tails of Equestria. Inspir\u00e9 par la s\u00e9rie My Little Poney : Friendship is Magic, incarnez un poney, une licorne ou un p\u00e9gase dans le monde merveilleux d&rsquo;Equestria et triomphez de tous les obstacles gr\u00e2ce au pouvoir de &hellip; <\/p>\n<p class=\"link-more\"><a href=\"https:\/\/www.docteur-roliste.fr\/index.php\/my-little-poney-tails-of-equestria\/\" class=\"more-link\">Continue reading<span class=\"screen-reader-text\"> \u00ab\u00a0My Little Poney : Tails of Equestria\u00a0\u00bb<\/span><\/a><\/p>\n","protected":false},"author":1,"featured_media":0,"parent":0,"menu_order":0,"comment_status":"closed","ping_status":"closed","template":"","meta":{"footnotes":""},"class_list":["post-362","page","type-page","status-publish","hentry"],"_links":{"self":[{"href":"https:\/\/www.docteur-roliste.fr\/index.php\/wp-json\/wp\/v2\/pages\/362","targetHints":{"allow":["GET"]}}],"collection":[{"href":"https:\/\/www.docteur-roliste.fr\/index.php\/wp-json\/wp\/v2\/pages"}],"about":[{"href":"https:\/\/www.docteur-roliste.fr\/index.php\/wp-json\/wp\/v2\/types\/page"}],"author":[{"embeddable":true,"href":"https:\/\/www.docteur-roliste.fr\/index.php\/wp-json\/wp\/v2\/users\/1"}],"replies":[{"embeddable":true,"href":"https:\/\/www.docteur-roliste.fr\/index.php\/wp-json\/wp\/v2\/comments?post=362"}],"version-history":[{"count":6,"href":"https:\/\/www.docteur-roliste.fr\/index.php\/wp-json\/wp\/v2\/pages\/362\/revisions"}],"predecessor-version":[{"id":585,"href":"https:\/\/www.docteur-roliste.fr\/index.php\/wp-json\/wp\/v2\/pages\/362\/revisions\/585"}],"wp:attachment":[{"href":"https:\/\/www.docteur-roliste.fr\/index.php\/wp-json\/wp\/v2\/media?parent=362"}],"curies":[{"name":"wp","href":"https:\/\/api.w.org\/{rel}","templated":true}]}}