{"id":191,"date":"2024-04-09T08:10:16","date_gmt":"2024-04-09T06:10:16","guid":{"rendered":"https:\/\/docteur-roliste.fr\/?page_id=191"},"modified":"2024-04-15T22:22:49","modified_gmt":"2024-04-15T20:22:49","slug":"mes-ordonnances","status":"publish","type":"page","link":"https:\/\/www.docteur-roliste.fr\/index.php\/mes-ordonnances\/","title":{"rendered":"Mes ordonnances &amp; prescriptions"},"content":{"rendered":"\n<p class=\"has-text-align-center\">Quand vous jouez avec moi, je vous fournis une ordonnance (une fausse \u00e9videment) pour vous expliquer le syst\u00e8me de jeu.<\/p>\n\n\n\n<figure class=\"wp-block-image size-full is-resized\"><img loading=\"lazy\" decoding=\"async\" width=\"315\" height=\"315\" src=\"http:\/\/www.docteur-roliste.fr\/wp-content\/uploads\/2024\/04\/image-3.jpeg\" alt=\"\" class=\"wp-image-394\" style=\"width:518px;height:auto\" srcset=\"https:\/\/www.docteur-roliste.fr\/wp-content\/uploads\/2024\/04\/image-3.jpeg 315w, https:\/\/www.docteur-roliste.fr\/wp-content\/uploads\/2024\/04\/image-3-300x300.jpeg 300w, https:\/\/www.docteur-roliste.fr\/wp-content\/uploads\/2024\/04\/image-3-150x150.jpeg 150w, https:\/\/www.docteur-roliste.fr\/wp-content\/uploads\/2024\/04\/image-3-50x50.jpeg 50w\" sizes=\"auto, (max-width: 315px) 100vw, 315px\" \/><\/figure>\n\n\n\n<p class=\"has-text-align-center\">Je vous pr\u00eaterai les d\u00e9s sp\u00e9ciaux dans des petits bocaux, c&rsquo;est ma prescription de Docteur.<\/p>\n\n\n\n<figure class=\"wp-block-image size-full is-resized\"><img loading=\"lazy\" decoding=\"async\" width=\"315\" height=\"315\" src=\"https:\/\/www.docteur-roliste.fr\/wp-content\/uploads\/2024\/04\/image-4.jpeg\" alt=\"\" class=\"wp-image-396\" style=\"width:520px;height:auto\" srcset=\"https:\/\/www.docteur-roliste.fr\/wp-content\/uploads\/2024\/04\/image-4.jpeg 315w, https:\/\/www.docteur-roliste.fr\/wp-content\/uploads\/2024\/04\/image-4-300x300.jpeg 300w, https:\/\/www.docteur-roliste.fr\/wp-content\/uploads\/2024\/04\/image-4-150x150.jpeg 150w, https:\/\/www.docteur-roliste.fr\/wp-content\/uploads\/2024\/04\/image-4-50x50.jpeg 50w\" sizes=\"auto, (max-width: 315px) 100vw, 315px\" \/><\/figure>\n","protected":false},"excerpt":{"rendered":"<p>Quand vous jouez avec moi, je vous fournis une ordonnance (une fausse \u00e9videment) pour vous expliquer le syst\u00e8me de jeu. Je vous pr\u00eaterai les d\u00e9s sp\u00e9ciaux dans des petits bocaux, c&rsquo;est ma prescription de Docteur.<\/p>\n","protected":false},"author":1,"featured_media":0,"parent":0,"menu_order":0,"comment_status":"closed","ping_status":"closed","template":"","meta":{"footnotes":""},"class_list":["post-191","page","type-page","status-publish","hentry"],"_links":{"self":[{"href":"https:\/\/www.docteur-roliste.fr\/index.php\/wp-json\/wp\/v2\/pages\/191","targetHints":{"allow":["GET"]}}],"collection":[{"href":"https:\/\/www.docteur-roliste.fr\/index.php\/wp-json\/wp\/v2\/pages"}],"about":[{"href":"https:\/\/www.docteur-roliste.fr\/index.php\/wp-json\/wp\/v2\/types\/page"}],"author":[{"embeddable":true,"href":"https:\/\/www.docteur-roliste.fr\/index.php\/wp-json\/wp\/v2\/users\/1"}],"replies":[{"embeddable":true,"href":"https:\/\/www.docteur-roliste.fr\/index.php\/wp-json\/wp\/v2\/comments?post=191"}],"version-history":[{"count":9,"href":"https:\/\/www.docteur-roliste.fr\/index.php\/wp-json\/wp\/v2\/pages\/191\/revisions"}],"predecessor-version":[{"id":420,"href":"https:\/\/www.docteur-roliste.fr\/index.php\/wp-json\/wp\/v2\/pages\/191\/revisions\/420"}],"wp:attachment":[{"href":"https:\/\/www.docteur-roliste.fr\/index.php\/wp-json\/wp\/v2\/media?parent=191"}],"curies":[{"name":"wp","href":"https:\/\/api.w.org\/{rel}","templated":true}]}}