{"id":134,"date":"2024-04-07T15:15:07","date_gmt":"2024-04-07T13:15:07","guid":{"rendered":"https:\/\/docteur-roliste.fr\/?page_id=134"},"modified":"2024-10-08T09:30:57","modified_gmt":"2024-10-08T07:30:57","slug":"tarifs","status":"publish","type":"page","link":"https:\/\/www.docteur-roliste.fr\/index.php\/tarifs\/","title":{"rendered":"Mes tarifs"},"content":{"rendered":"\n<p>Tarif par joueur (Adulte) pour 4h d&rsquo;initiation : 20\u20ac<\/p>\n\n\n\n<p>Tarif d\u00e9gressif \u00e0 partir de la 3\u00e8me session : 15\u20ac par joueur<\/p>\n\n\n\n<p><strong>Tout enfant participant \u00e0 une session devra \u00eatre accompagn\u00e9 d&rsquo;un adulte.<\/strong><\/p>\n\n\n\n<p>Tarif par joueur (Enfant) pour 4h d&rsquo;initiation : 15\u20ac<\/p>\n\n\n\n<p>Tarif d\u00e9gressif \u00e0 partir de la 3\u00e8me session : 10\u20ac par joueur<\/p>\n\n\n\n<p><strong><em>Frais de d\u00e9placement<\/em><\/strong><\/p>\n\n\n\n<p>En fonction du kilom\u00e9trage autour de Viry-Ch\u00e2tillon, un suppl\u00e9ment sera appliqu\u00e9 :<\/p>\n\n\n\n<p>au del\u00e0 de 15 km et jusqu&rsquo;\u00e0 30 km autour de chez moi : 15\u20ac <\/p>\n\n\n\n<figure class=\"wp-block-image size-full is-resized\"><img loading=\"lazy\" decoding=\"async\" width=\"439\" height=\"418\" src=\"https:\/\/docteur-roliste.fr\/wp-content\/uploads\/2024\/04\/image-1.png\" alt=\"\" class=\"wp-image-331\" style=\"aspect-ratio:1;width:369px;height:auto\" srcset=\"https:\/\/www.docteur-roliste.fr\/wp-content\/uploads\/2024\/04\/image-1.png 439w, https:\/\/www.docteur-roliste.fr\/wp-content\/uploads\/2024\/04\/image-1-300x286.png 300w\" sizes=\"auto, (max-width: 439px) 100vw, 439px\" \/><\/figure>\n\n\n\n<p>au del\u00e0 de 30 km autour de chez moi : 30 \u20ac<\/p>\n\n\n\n<figure class=\"wp-block-image size-full is-resized\"><img loading=\"lazy\" decoding=\"async\" width=\"336\" height=\"319\" src=\"https:\/\/docteur-roliste.fr\/wp-content\/uploads\/2024\/04\/image.png\" alt=\"\" class=\"wp-image-330\" style=\"width:374px;height:auto\" srcset=\"https:\/\/www.docteur-roliste.fr\/wp-content\/uploads\/2024\/04\/image.png 336w, https:\/\/www.docteur-roliste.fr\/wp-content\/uploads\/2024\/04\/image-300x285.png 300w\" sizes=\"auto, (max-width: 336px) 100vw, 336px\" \/><\/figure>\n\n\n\n<p>Au del\u00e0 de 30 km autour de chez moi, un devis sera fourni pour le kilom\u00e9trage ainsi que pour les frais d&rsquo;h\u00e9bergement.<\/p>\n\n\n\n<p>Le tarif auteur pour les m\u00e9diath\u00e8ques et les entreprises se fait sur devis.<\/p>\n\n\n\n<p>Mes tarifs t&rsquo;int\u00e9ressent ? <\/p>\n\n\n\n<a href=\"https:\/\/www.docteur-roliste.fr\/index.php\/contacte-moi\/\" target=\"\"_self\"\">Contacte-moi<\/a>\n","protected":false},"excerpt":{"rendered":"<p>Tarif par joueur (Adulte) pour 4h d&rsquo;initiation : 20\u20ac Tarif d\u00e9gressif \u00e0 partir de la 3\u00e8me session : 15\u20ac par joueur Tout enfant participant \u00e0 une session devra \u00eatre accompagn\u00e9 d&rsquo;un adulte. Tarif par joueur (Enfant) pour 4h d&rsquo;initiation : 15\u20ac Tarif d\u00e9gressif \u00e0 partir de la 3\u00e8me session : 10\u20ac par joueur Frais de &hellip; <\/p>\n<p class=\"link-more\"><a href=\"https:\/\/www.docteur-roliste.fr\/index.php\/tarifs\/\" class=\"more-link\">Continue reading<span class=\"screen-reader-text\"> \u00ab\u00a0Mes tarifs\u00a0\u00bb<\/span><\/a><\/p>\n","protected":false},"author":1,"featured_media":0,"parent":0,"menu_order":0,"comment_status":"closed","ping_status":"closed","template":"","meta":{"footnotes":""},"class_list":["post-134","page","type-page","status-publish","hentry"],"_links":{"self":[{"href":"https:\/\/www.docteur-roliste.fr\/index.php\/wp-json\/wp\/v2\/pages\/134","targetHints":{"allow":["GET"]}}],"collection":[{"href":"https:\/\/www.docteur-roliste.fr\/index.php\/wp-json\/wp\/v2\/pages"}],"about":[{"href":"https:\/\/www.docteur-roliste.fr\/index.php\/wp-json\/wp\/v2\/types\/page"}],"author":[{"embeddable":true,"href":"https:\/\/www.docteur-roliste.fr\/index.php\/wp-json\/wp\/v2\/users\/1"}],"replies":[{"embeddable":true,"href":"https:\/\/www.docteur-roliste.fr\/index.php\/wp-json\/wp\/v2\/comments?post=134"}],"version-history":[{"count":19,"href":"https:\/\/www.docteur-roliste.fr\/index.php\/wp-json\/wp\/v2\/pages\/134\/revisions"}],"predecessor-version":[{"id":571,"href":"https:\/\/www.docteur-roliste.fr\/index.php\/wp-json\/wp\/v2\/pages\/134\/revisions\/571"}],"wp:attachment":[{"href":"https:\/\/www.docteur-roliste.fr\/index.php\/wp-json\/wp\/v2\/media?parent=134"}],"curies":[{"name":"wp","href":"https:\/\/api.w.org\/{rel}","templated":true}]}}